t b(c) = -7*q(c) - 4*r(c). Let x be b(-2). Calculate the highest common divisor of 26 and x.
26
Let t(y) = -363*y - 32. Let o(n) = n - 2. Let d(k) = -3*o(k) + t(k). Let z be d(-3). What is the highest common divisor of z and 16?
16
Suppose -18*g = -9*g - 9207. Suppose 15*n - 1257 - g = 0. What is the highest common factor of 2 and n?
2
Let r(d) = -1. Let t(x) = -12*x - 29. Let v(c) = -2*r(c) + t(c). Let b be v(-6). Let s be 5 + 2 + -6 + b - 2. Calculate the greatest common divisor of s and 22.
22
Suppose -o - 4*o - 71 = -4*c, -5*o = -c + 29. Let w be ((-80)/c)/(6/(-21)). Suppose 75 = 41*k - 36*k. Calculate the greatest common divisor of k and w.
5
Let v be ((-20)/15 - (-10)/(-6)) + 21. Let o be ((-12)/v)/(4/(-24)). Let f be (6 - 1)*(-48)/(-20). What is the highest common factor of o and f?
4
Let n(g) = -g**2 + 68*g + 192. Let a be n(70). What is the greatest common divisor of 3042 and a?
26
Suppose 2*n - 4402 = -4*d + 5576, 2*n = d - 2502. Calculate the highest common factor of 234 and d.
78
Suppose -5*b = 3*i - 138, -3*i + 168 = b - 6*b. Let a(m) = 3*m. Let c be a(2). What is the highest common factor of i and c?
3
Let i(r) = -r**2 - 10*r - 6. Let l be i(-8). Let k(n) = 5*n - 19 - l + 36. Let h be k(2). Calculate the greatest common divisor of 136 and h.
17
Suppose -z + 5*z - 2*f = 1886, 0 = -f - 5. Suppose 4*q = -4*l + 52, -70 + 59 = -5*q + 4*l. What is the greatest common divisor of q and z?
7
Let c be 183/15 - 1/5. Let g be c/(-5*(-2)/120). Suppose 8*z - 9*z = -g. Calculate the greatest common divisor of z and 32.
16
Let l(s) = -3*s + 70. Let u be l(23). Let t be 8/(-28)*u + 1408/28. Let k be (374/(-55))/((-4)/t). What is the greatest common divisor of 51 and k?
17
Let x be (-6)/(-9) + 1120/12. Let a = x + -61. Let o = a + -20. What is the greatest common factor of o and 143?
13
Let x = -8 + 14. Suppose -464500*t = -464469*t - 186. Calculate the greatest common factor of t and x.
6
Let l(k) = 8*k**3 - 30*k**2 + 16*k + 20. Let q be l(7). Calculate the highest common divisor of q and 114.
38
Let c = 603 - 592. Calculate the greatest common factor of c and 3872.
11
Let u = -3655 - -6958. Suppose 7*c + 1378 - u = 0. What is the greatest common divisor of c and 25?
25
Let z(x) = -13*x + 70. Let v be (-3 - 1 - -4) + 4 - 0. Let i be z(v). Calculate the highest common divisor of 162 and i.
18
Suppose -2*r + 3 = 7, -2*l = 2*r + 4. Suppose 13 = n - 3*z, l*z + 5*z + 73 = 4*n. Calculate the highest common factor of 198 and n.
22
Let u(t) = -5*t - 15. Let z be u(-4). Suppose 3*y = z*s - 11, 2*s = 3*s - 4. Suppose 2*o = -y*o + 60. Calculate the highest common divisor of 12 and o.
12
Let k = 2266 - 2030. What is the greatest common factor of k and 3422?
118
Suppose -44*j - 57 = -63*j. Suppose j*s + 12 - 312 = 0. What is the greatest common divisor of s and 8?
4
Suppose 5*h - 8*h - 1023 = 0. Let d = 395 + h. What is the highest common divisor of d and 378?
54
Suppose -3*c - 177 + 192 = 0. Suppose -9 = c*u - 39. Calculate the highest common factor of 15 and u.
3
Let g be (-30)/(-6) + 1323 - ((-4 - -2) + -2). What is the highest common factor of g and 252?
36
Let v = -8737 - -8740. Suppose 142 = 5*b + 2. Suppose v*d = -2*j + b + 11, -86 = -3*j + d. What is the highest common divisor of 243 and j?
27
Let p(n) = n**2 - n - 35. Let l be 0 - -4 - (-2)/(4/6). Let v be p(l). What is the greatest common divisor of 112 and v?
7
Suppose -303 = -5*g - 1458. Let x = g - -237. What is the highest common divisor of x and 30?
6
Let x = 23 + -5. Let g be (-2)/(-3)*(-1 + 4). Suppose 3*r = -r + p + 6, -4*r + g = -3*p. What is the greatest common divisor of x and r?
2
Let x = -58 - -81. Suppose 0 = 8*y - 30*y + 4048. Calculate the greatest common factor of x and y.
23
Let l = 30 + -28. Suppose 12*n - 17*n + 940 = 0. Let i = 193 - n. What is the greatest common divisor of i and l?
1
Suppose 37*x = 1846 + 38854. Calculate the greatest common factor of 44 and x.
44
Let d be (318*7/105)/((-26)/(-25) - 1). What is the greatest common factor of d and 110?
10
Suppose 2*l - 54 = -5*a, -16*a + 19*a + 102 = 3*l. Suppose 0 = 3*v + 2*z - l - 12, -2*v + 3*z = -38. What is the highest common factor of v and 24?
8
Let z = -11931 + 12085. Let v = -40 - -73. Calculate the greatest common factor of v and z.
11
Let o be 6 - ((-8)/5)/((-15)/1200*-8). Let l be 512/24 + 2/3. What is the highest common factor of o and l?
22
Suppose 2*o = 248*i - 249*i + 20, 4*i - 20 = 2*o. Calculate the greatest common divisor of i and 1412.
4
Let d be (10/(-4))/((-2)/4). Suppose -g = -d*g + 288. Let j(q) = -1492*q + 8. Let l be j(0). What is the highest common factor of g and l?
8
Suppose -2*y - z = y - 37, -y + 4*z = -8. Suppose y*n - 125 = -29. What is the greatest common factor of 10 and n?
2
Let y(m) = m**2 - 13*m - 16. Let s be y(14). Let z be (3/s)/(2/(-8)). Suppose 2*i - 18 = z. Calculate the highest common factor of 156 and i.
12
Suppose -28 = 10*y + 32. Let w be (y/4)/((-10)/240). Suppose 3*v - v - 1190 = -3*x, 2*x - 787 = 5*v. What is the greatest common divisor of w and x?
36
Let b = 106 - 64. Let a = 148 - 140. Suppose -4*v = -u - a - 2, -4*u + 4*v + 8 = 0. What is the greatest common divisor of b and u?
6
Let y = 399 + 210. Let j = 739 - 718. Calculate the highest common factor of j and y.
21
Suppose -5*y + 1389 = w - 1049, 0 = 3*y + w - 1464. Let u = y + -442. Calculate the highest common divisor of u and 90.
45
Let j(r) = -1614*r - 8904. Let p be j(-6). Calculate the highest common divisor of p and 1620.
60
Let l = 81 + -53. Let u be ((-7)/(-2))/(10/200). What is the highest common divisor of l and u?
14
Let b(q) = 2*q**3 - 60*q**2 - 69*q + 307. Let d be b(31). Calculate the greatest common factor of 2070 and d.
90
Suppose 2*a + 4*y = 1652, 0 = 91*y - 83*y - 24. Calculate the greatest common divisor of 100 and a.
20
Let n be 10098/378 + 2/7. Suppose 28*u = n*u + 342. Calculate the greatest common factor of 38 and u.
38
Let m(d) = 2*d**2 - 5*d - 7. Let l be m(4). Let k(h) = 22*h - 11. Let v be k(l). What is the highest common factor of 66 and v?
33
Let x(o) be the first derivative of -2*o**3/3 + 55*o**2/2 - 235*o + 54. Let i be x(22). Let p = -16 + 37. Calculate the greatest common divisor of i and p.
7
Suppose 7*v - 2*v + 46 = 3*h, -h = v - 10. Suppose h*o - 8*o = -4. Let j be -20*(-2*9/6 + o). What is the highest common divisor of j and 40?
40
Suppose 2*u - 94 = -4*h, -10*u + 15*u = 5*h - 140. Suppose 0 = -19*b + h*b - 24. Suppose b*p - 10*p + 990 = 0. What is the greatest common divisor of p and 15?
15
Let y(g) = 2*g**3 - g**2 + g - 1. Let n be y(1). Let o(z) = 8*z**3 + 36*z**2 - 721*z - 5. Let q be o(-12). What is the highest common divisor of q and n?
1
Let p(t) be the second derivative of -t**5/20 - t**4/3 + t**3/3 - 5*t**2/2 - 2*t + 4. Let j be p(-5). What is the highest common divisor of 6 and j?
2
Suppose 16*i = 10*i + 78. Suppose 7 = -p + i. What is the greatest common divisor of p and 96?
6
Let o be (-6)/4 - ((-11)/(-44))/(1/(-5526)). Calculate the greatest common factor of 80 and o.
20
Suppose 2*u = -11*m + 8*m + 15958, m + 2*u = 5318. Calculate the highest common factor of 420 and m.
140
Suppose -4*w + 6 = -138. What is the greatest common divisor of w and 642?
6
Let r(u) be the third derivative of u**4 + u**3/6 + 3*u**2. Let c be r(1). Let w = 1754 + -1749. Calculate the highest common divisor of w and c.
5
Suppose -2*x - 559 = 4*r + 131, 4*x + 1413 = 3*r. Let w be (25 + -1)/(x/(-36) + -9). What is the highest common factor of 48 and w?
16
Suppose 30*s - 579 = 873 - 102. Calculate the highest common divisor of 720 and s.
45
Let r be 19/3*(66 + 0). Let w be -11 - (-3128)/((-56)/(-7)). Suppose w = -4*i + 14*i. What is the greatest common factor of r and i?
38
Suppose -i + 46 = -4*y, -5*y - 294 = -5*i + 11. What is the highest common factor of i and 222?
6
Suppose -21 = -10*a + 49. Let f be 551 + -2*(-7)/a. What is the highest common divisor of f and 79?
79
Let s(c) = 2*c**2 - 30*c + 79. Let a be s(16). What is the highest common factor of a and 2109?
111
Let r be -1 - -9 - 6/3. Suppose -23*b + 18*b = -20. Suppose 0 = -2*h + 4*t - b, -10 = -3*h - 2*t. Calculate the highest common divisor of r and h.
2
Suppose 13*t + 6438 = 100*t. Calculate the greatest common factor of t and 5143.
37